.
3
Suppose -2*n - 2 = a + 2*n, 3*n = 3*a - 9. Let k(t) = 3*t + 5*t + 2 + 4 - t**a - 1. Give k(5).
20
Let l = -5 + 6. Let i(k) = k + 1. Let f(g) be the first derivative of -3*g**2 - 3*g - 1. Let h(m) = l*f(m) + 2*i(m). Give h(-1).
3
Let l = -54 + 49. Let s(x) = -3*x - 5. What is s(l)?
10
Let u(o) = o**3 - 13*o**2 - 2. Suppose 3*b = 3*m + 32 - 8, 3*b - 9 = 0. Let p be (39/(-15))/(m/25). Give u(p).
-2
Let c(s) = -s**3 - 3*s**2 - 2*s - 1. Let z(l) = -20*l**2 + 6*l - 69. Let w(n) = 2*c(n) - z(n). Determine w(7).
-3
Let o(p) = 2317*p**3 - 1154*p**3 - 1162*p**3 - 3 - 17 + 18*p - 18*p**2. Determine o(17).
-3
Let z(t) = -t**3 + 3*t**2 - 2*t + 3. Suppose -2*m = -i + 480, 5*m - m + 944 = -2*i. Let o = m - -240. Give z(o).
3
Suppose -12*g + 998 + 1186 = 0. Let r = g - 190. Let l(o) be the third derivative of -o**4/12 - o**3 - 4*o**2. Determine l(r).
10
Let q(i) = -60*i + 36. Let o(v) = -17*v + 12. Let u(y) = 7*o(y) - 2*q(y). Give u(8).
20
Suppose 0 = -292*n + 289*n + 762. Let l = -231 + n. Let a(z) = z**3 - 24*z**2 + 25*z - 46. What is a(l)?
0
Suppose 0 = 10*b + 1276 - 1126. Let w(d) = d + 15. Determine w(b).
0
Let k(h) = 4*h**2 + 42*h - 14. Let q(x) = -7*x - 3. Let f(o) = 6*o + 2. Let i(p) = -4*f(p) - 3*q(p). Let n(s) = -28*i(s) - 2*k(s). Determine n(-1).
-8
Let o(u) = -2*u + 30. Suppose 18*l + 111*l - 1290 = 0. What is o(l)?
10
Let b(u) be the first derivative of -u**6/180 + u**5/120 - u**4/24 + 27*u**3 + 114. Let k(z) be the third derivative of b(z). Give k(2).
-7
Let z(b) = -2*b**3 - 2*b**2 + 4*b + 7. Let d = 22006 - 22009. Determine z(d).
31
Let a(d) = 4*d**2 + 57*d + 120. Let w(j) = -3*j**2 - 43*j - 92. Let t(k) = 10*a(k) + 13*w(k). Suppose 5*o + 57 = 2*f, 6*o = o + 5*f - 60. Determine t(o).
4
Let c be (-2)/7 - (-5 - 330/(-70)). Suppose -v + 4*s - 10 + 5 = c, 5*s - 4 = 2*v. Let d(a) = -a**3 + 4*a**2 - a + 3. Give d(v).
9
Let y = -2149 - -2157. Let c(v) = -v**3 + 6*v**2 + 13*v + 25. Calculate c(y).
1
Let o(u) be the first derivative of 2*u**3/3 - 17*u**2/2 - 12*u - 18308. Let a(r) = -r + 9. Let y be a(0). Give o(y).
-3
Let q(r) = r**2 - 6*r + 1. Let i(z) = -8*z - 36. Let p be i(-7). Suppose -13*t + 8*t = -p. What is q(t)?
-7
Suppose 30*x - 24 = 22*x. Suppose -223*n + x = -220*n. Let y(j) = 6*j**3 + j - 2. Calculate y(n).
5
Let m(f) = -11593*f - 11588*f + 23171*f + 8 + f**2. Let t be -4*4/8 + (8 - -2). Give m(t).
-8
Suppose 7 = 3*f - 2. Let v be (-8)/3*-1*(-15)/(-5). Let x(y) = 2*y - 10*y + 2*y + v*y. Give x(f).
6
Let y = -39783 - -39762. Let d(w) = -11*w - 206. What is d(y)?
25
Suppose 5*i - 4*u = 26, 4*i - 7*u - 20 = -3*u. Let x(f) = -244 + 84 + i*f + 86 - f**2 + 82. Calculate x(7).
1
Let y(r) = -r**3 - 9*r**2 - 8*r + 4. Let w(d) = -10*d + 5. Let x be w(-3). Let l = x - 18. Let z = -25 + l. Determine y(z).
4
Let m(r) be the first derivative of -r**6/360 + r**5/120 - 2*r**3 - 2*r + 61. Let z(c) be the third derivative of m(c). Give z(1).
0
Let k(o) = -o**3 - 4*o**2 + 3*o + 5. Suppose 6*n - 80 = -4*n. Suppose -t - 80 = 5*l, 5*t - n = 4*l + 56. Let d be l/12*(-6)/(-2). Calculate k(d).
-7
Let z be (-164)/(-20) - 198/(-110). Let c(n) = -2*n**3 - 6*n**2 - 9*n + 10. Let q(i) = 5*i**3 + 19*i**2 + 28*i - 31. Let k(d) = 8*c(d) + 3*q(d). Calculate k(z).
7
Let v(o) be the second derivative of -2*o**3 + 41*o**2/2 + 5*o - 262. Determine v(10).
-79
Let c(t) be the second derivative of -t**5/120 - t**4/12 - 4*t**3 + 2*t**2 - 17*t + 3. Let o(d) be the second derivative of c(d). What is o(-5)?
3
Let q(n) = -n - 18. Let j = 661 + -665. Let y be j/(-14) - (-1)/(-14)*4. Determine q(y).
-18
Let m(v) = -v**3 + v - 24. Let g(r) = 51*r + 53. Let z be g(-1). Suppose 21*s = 22*s - z*x, -4*x = 0. Determine m(s).
-24
Let d(u) = -21*u. Let z(b) = -65*b - 3. Let r(f) = -15*d(f) + 5*z(f). Give r(0).
-15
Let a = -115 - -120. Let s(x) = -2*x**2 + 23*x - 54. Calculate s(a).
11
Let d(b) = -68*b + 121. Let k(f) = -30*f + 59. Let q(x) = 2*d(x) - 5*k(x). Determine q(4).
3
Let a(n) = -2*n**3 - 5*n**2 + 7*n - 5. Let r be ((-4)/(-5))/(((-8)/2)/(-14 + 4)). What is a(r)?
-27
Suppose -2*n = 9*h - 11*h - 14, -5*h = 3*n + 19. Let x(b) = -7*b**2 - 3*b - 12. Let r(w) = 4*w**2 + w + 6. Let t(g) = -5*r(g) - 3*x(g). Give t(h).
11
Suppose -501 - 1403 = 136*n. Let x(r) = -r**2 - 13*r - 2. Calculate x(n).
-16
Let j(o) = o - 1. Let u be j(12). Suppose -u*b - 759 = 66. Let l = 79 + b. Let d(t) = -t**2 + 6*t - 5. Calculate d(l).
3
Let g(s) = -66*s + 289. Let p(i) = -89*i + 288. Let b(f) = -3*g(f) + 2*p(f). Calculate b(14).
-11
Let v(i) = 7*i + 5 + 107 - i**2 - 132. Determine v(6).
-14
Let y(a) = -3*a**2 - 30*a + 9. Let c = -12528 + 12518. Give y(c).
9
Let y(w) = -8 - w + 2*w - 1277523*w**3 - 24*w**2 + 1277525*w**3. Give y(12).
4
Let v(g) = 15*g**2 - 70*g. Let r(j) = 43*j**2 - 203*j. Let o(f) = r(f) - 3*v(f). Let k = -9 + 15. Give o(k).
-30
Let z(h) be the third derivative of -h**5/40 + 11*h**4/24 - 25*h**3 - 7*h**2 - h. Let m(j) be the first derivative of z(j). What is m(5)?
-4
Suppose -4*t - 100 + 40 = -40. Let s(c) = -c**2 + 7*c + 12. Give s(t).
-48
Let l = 102 - 142. Let j = l - -44. Let s be -4 - 0/(-4) - (j - 2). Let g(v) = 2*v - 1. Determine g(s).
-13
Let x = 1279 + -1283. Let n(p) = 3*p + 15. Give n(x).
3
Let h(l) = l**3 + 70*l**2 - 130*l + 1048. Let s be h(-72). Let k(t) = -t**2 + 37*t + 115. Calculate k(s).
-5
Let y(g) = -2*g - 5. Let r(j) = -j - 2. Let u(x) = 5*r(x) - 2*y(x). Let a be u(-2). Suppose 4*d + 26 = -a. Let z(i) = i - 7. What is z(d)?
-14
Let r(v) = -3*v**3 + 4*v**2 - 3*v - 4. Let l(g) = 457*g**2 + 1 + 2*g**3 + 2 + 4*g - 461*g**2. Let x(p) = 4*l(p) + 3*r(p). Determine x(-5).
-10
Let t(l) = 4*l**2 + 239*l - 58. Let j be t(-60). Let i(g) = -7*g + 9. What is i(j)?
-5
Let c(r) = -7*r**3 + 8*r**2 + 17*r + 93. Let d(o) = 9*o**3 - 10*o**2 - 21*o - 92. Let f(w) = 5*c(w) + 4*d(w). Calculate f(0).
97
Let k(b) = 12*b**3 - 2*b**2 + b. Let z(x) = 4 + 5 - x + 11*x - x**2 - 3*x. Let a be z(8). Calculate k(a).
11
Let y(b) = 4*b + 3. Let q(w) = -32*w - 420. Let r(a) = -q(a) - 6*y(a). What is r(-50)?
2
Let g(j) = -j**2 - 22*j - 11. Let t be ((-14)/(-35) - (-16)/(-20)) + 106/(-10). Give g(t).
110
Suppose 2*s = 3*c + 868, -4*c - 6*s + s - 1165 = 0. Let f be (-3)/(15/c) - 4. Let w = -46 + f. Let g(d) = -d**2 + 9*d. Calculate g(w).
8
Suppose 3*r + r - 5348 = 0. Let p(i) = 17*i**3 - 2*i**2 + 6*i - 8. Let w be p(1). Let t(q) = -r + w*q**2 + 1337. Calculate t(-1).
13
Let o(a) = -a**3 + 2*a**2 - a + 24. Let q be o(0). Suppose -q + 78 = -18*s. Let l(y) = -y**3 + 2*y - 1. What is l(s)?
20
Let w(p) = -16 - 2*p - 22*p + p**2 + 16*p + 7*p. Let v = 29 + -29. Determine w(v).
-16
Let z(u) = -3*u**2 - 22*u - 7. Let a(t) = 4*t**2 + 30*t + 10. Let v(f) = -5*a(f) - 7*z(f). Let k = -44 - -41. Determine v(k).
-4
Let r(g) be the second derivative of -g**4/12 + 2*g**3/3 + 15*g**2/2 - 291*g - 3. Determine r(7).
-6
Let c be (3 - -1)/(28/182). Suppose -8*h - c = -42. Let z(o) = -o. Determine z(h).
-2
Let y = 17174 - 17176. Let u(w) = -3*w**2 - w + 6. Give u(y).
-4
Suppose -29*r + 60 = -23*r. Suppose 0 = -r*k - 0*k - 30. Let s(u) = -u**2 - 6*u - 5. What is s(k)?
4
Let i = -1 - 2. Let d(o) = 4*o**3 + 3*o**2 - 2*o - 2. Let x(l) = -l**3 + l**2 - 1. Let w(h) = i*x(h) + d(h). Let k be (-12 - (5 - 16))*-1. Calculate w(k).
6
Let r(l) = -9*l - 29. Let j = 6742 - 6748. Calculate r(j).
25
Suppose -874*z + 869*z - 10 = 0. Let m(x) = 5*x**3 + 3*x**2 + 6. Let f(g) = 10*g**3 + 6*g**2 - g + 13. Let l(v) = 3*f(v) - 7*m(v). Determine l(z).
31
Let h(i) = -i + 2. Let j be (((-119)/(-14))/(2/4))/1. Suppose -j*o - 53 = -18*o. Let w = 58 - o. Calculate h(w).
-3
Let g(f) = f**3 - f**2 - f + 2. Let p be g(-3). Let z = -35 - p. Let m(c) = c. Let r(h) = -2*h. Let w(y) = 10*m(y) + 3*r(y). Calculate w(z).
-16
Suppose -32 + 26 = -3*r. Suppose 2*g - g = -3*p - 148, -5*p = -r*g - 241. Let t = g + 136. Let n(w) = 2*w - 2. Determine n(t).
4
Let s = -594 - 103. Let d = s + 693. Let p(k) = 7*k + 1. Calculate p(d).
-27
Let m(z) be the second derivative of -z**3/3 + 3*z**2 - 41*z. Suppose 11*d - 4*d = 0. Give m(d).
6
Let x(h) = 5*h**2 - 3*h + 92. Let g(t) = -t**2 + t - 15. Let c(y) = 6*g(y) + x(y). What is c(6)?
-16
Let p(g) = -g**3 - 8*g**2 - 22*g - 62. Let d(j) = 5*j**2 + 25*j + 24. Let o be d(-2). Give p(o).
-2
Let o(r) = -3*r. Let a(x) = 16*x**3 - 4*x - 5. 